220381 + -125822. Is p a prime number?
True
Let o = 67 + -77. Let b be (-14)/(-35) + (-36)/o. Suppose -b*j - 5*d = -6*j + 50, -5*j - 3*d = -63. Is j prime?
False
Suppose 0 = -75*n + 40*n + 2818192 + 3413663. Is n a prime number?
False
Suppose 5 = 2*k + 1. Suppose k = r + 4. Is ((-11358)/4)/9*r a prime number?
True
Suppose 80*d + 3 = 81*d. Is -3482*d/30*-5 composite?
False
Let g = 100 + -91. Let v(c) = 6*c**2 - 12*c + 13. Is v(g) a composite number?
True
Let q = -434 - -297. Let a = 368 - 104. Let k = a + q. Is k a composite number?
False
Let i = -170388 + 310991. Is i a composite number?
False
Let w(a) be the third derivative of -a**6/120 + a**5/10 + 7*a**4/24 + 5*a**3/6 + 30*a**2. Let q be w(7). Let s(i) = 296*i - 19. Is s(q) composite?
True
Let g = 463 - 483. Let s(k) = -2*k**3 - 13*k**2 + 27*k + 19. Is s(g) prime?
False
Let g(i) = -5083*i + 564. Is g(-13) composite?
False
Let b(a) = 365*a + 9. Suppose 4*n - 3*d - 37 = 0, -4*d + 2*d = -3*n + 27. Let w be b(n). Suppose 6*h + w = 10*h. Is h a composite number?
False
Suppose -15*j + 40 + 155 = 0. Let r be -3*2/2*1. Let n = r + j. Is n composite?
True
Let c be (-6)/(-21) + 358813/49. Suppose c = 4*n + 327. Suppose 4*d - d = n. Is d composite?
True
Is (-1)/(-3)*427191 + (-7)/(35/30) composite?
False
Let o be (-7)/(28/(-228)) - -3. Let m = 36 - o. Is 3752/5 - m/40 a prime number?
True
Suppose 20*c - 15*c - 3*q - 174337 = 0, 5*q = 2*c - 69712. Is c composite?
False
Suppose -5*h - 30 = 0, -16143 = -3*f + 70*h - 71*h. Let i be 3*(32/6 + -2). Suppose i*d - 8787 = f. Is d prime?
False
Let u(k) = -2*k**3 + k + 7. Let j be u(0). Suppose m + 4 + j = 3*d, -4*d + 2*m = -12. Suppose 3*n - d*h = 1134, -2*n + 2*h + 59 = -693. Is n a composite number?
False
Suppose -7*g + 9*g - 33490 = 0. Suppose -v - 4*h = -g, 4*v + 32034 = -5*h + 98970. Is v composite?
False
Suppose 6*j - 1578136 = -16*j - 34*j. Is j composite?
False
Suppose -c - 3*l = -641686, 260*c - 2*l = 255*c + 3208515. Is c prime?
True
Let n = 1 - 2. Let t(y) be the second derivative of 442*y**4 - 2*y**3/3 - 3*y**2/2 - 348*y. Is t(n) a prime number?
False
Suppose -995*x = -494*x - 493*x - 111784. Is x composite?
True
Let x(r) be the first derivative of 5*r**4/4 - 4*r**3/3 + 10*r**2 - 22*r - 75. Is x(7) composite?
False
Suppose 0 = -3*x - w + 2684936, -4474905 = -5*x - 53*w + 49*w. Is x a composite number?
True
Suppose -5*v = -4*t - 15635, 4*t + 25 - 5 = 0. Suppose 6*z = -v + 15441. Is z a prime number?
True
Let j(s) = 1304*s + 53. Suppose 7*h - 74 + 4 = 0. Is j(h) composite?
False
Let l(h) = -2403*h + 9166. Is l(-99) a prime number?
False
Let t be 1/(2/(16/(-4))). Is (6/12)/(t/(-17624) - 0) a prime number?
False
Suppose 11*y = 6*y + 9*y - 8692. Is y a composite number?
True
Let u(q) = q - 4. Let r be u(8). Suppose 5*v + 0 = r*g + 4, 4*g = -4*v - 4. Suppose 4*k = -3*z + 3171, v*z + 5*k = -z + 1046. Is z prime?
True
Suppose -2*o - 4 = -0, 0 = -3*n - o + 61. Is 9/n + 204152/56 + -5 prime?
False
Let u(s) = 145*s - 10. Let x be u(-3). Let q = x + 749. Let w = q - -1081. Is w prime?
False
Suppose -2*g + 3*m - 3189 = 0, 0*m - 5*m = 3*g + 4755. Let r = 3227 + g. Is r a composite number?
False
Suppose 0 = 33*d - 91*d + 1711522. Is d a prime number?
False
Suppose 5*u = 34*c - 39*c + 371170, -3*c - 74206 = -u. Is u composite?
True
Suppose 2*s = 5*s - 180. Suppose 0*d + d - s = 0. Let h = d - -19. Is h prime?
True
Let b(k) be the second derivative of -7*k**3/6 + 35*k**2 + 17*k. Let y be b(10). Suppose y = -u + 5*r + 1336, 5*u = 3*u + 3*r + 2707. Is u a prime number?
True
Let q be (-1 - 3/2)*(20 - 22). Suppose -q*g = g. Suppose 0 = 5*p + 2*u - 25161, g = 3*p - u + 4*u - 15093. Is p a composite number?
True
Let q(g) = -34*g - 13. Let d(w) = w**3 + 16*w**2 + 15*w - 5. Let x = 125 - 140. Let i be d(x). Is q(i) a composite number?
False
Let i(l) = 1124*l**2 - 7*l - 90. Let r be i(-9). Suppose -r = -16*f + 7*f. Is f prime?
False
Is ((-1402)/(-4))/(27 - 10674/396) prime?
False
Let r(d) = -6*d**2 + 63*d + 6. Let f(u) = 11*u**2 - 127*u - 13. Let j(t) = -2*f(t) - 5*r(t). Is j(-25) a composite number?
False
Suppose -5*x + 190*t = 187*t - 4418680, x - t - 883738 = 0. Is x prime?
True
Suppose -376 + 1144 = 32*a. Suppose a*h - 21*h = 38937. Is h a prime number?
True
Let g(v) = -345*v + 65. Let w(s) = 344*s - 67. Let u(j) = 3*g(j) + 2*w(j). Is u(-8) a prime number?
True
Let l(t) = -4376*t + 1 - 25 + 1239*t. Is l(-5) a composite number?
False
Let p(b) = 3*b**2 + 12*b + 3. Let r be p(-4). Suppose -y + 3*u - 3957 = -4*y, 0 = -4*y + r*u + 5276. Is y a composite number?
False
Suppose 0 = -4*l + 7 - 3. Let t(y) = -3*y**3 - 2*y. Let n(a) = -2320*a**3 - 4*a - 1. Let q(c) = -n(c) + 2*t(c). Is q(l) a prime number?
False
Suppose 0 = -10*y + 15 + 25. Suppose 0 = 2*a + y*a - 6522. Is a composite?
False
Let w(l) = -l**3 + 3*l**2 + 7*l - 7. Let p be w(4). Suppose -14 = p*u + 1. Is (u - -6) + -5 - -511 a composite number?
False
Suppose -k + 571524 = 3*x, 10*k = x + 15*k - 190522. Is x a composite number?
False
Suppose 9 = -u - 2*g - 0, u = 2*g + 11. Is (-10)/(-20)*908*u a prime number?
False
Let t(i) be the second derivative of -585*i**3/2 - i**2/2 + 104*i. Is t(-1) composite?
True
Suppose -2*d = 3*t + 8, 42*d = 38*d + 3*t + 2. Let b(c) = -634*c + 39. Is b(d) a composite number?
False
Suppose 0 = -5*s + 3*y + 4284, 0*y = -y + 2. Suppose 0*x - 41*x = -18901. Let h = s - x. Is h composite?
False
Is 583303/46 - ((-5)/(-2) + -1) a prime number?
False
Let x = -102481 + 189552. Is x a composite number?
False
Suppose -24*l - 3048 = -28*l. Suppose 21*n - l = 19*n. Is n a prime number?
False
Let j = -95230 - -187857. Is j composite?
False
Let g = 58 - 42. Let c be ((-4)/(g/110))/(6/(-12)). Is -3 + (-416)/10*(-15 - c) a composite number?
False
Let r be (-2 - -2414)*((-55)/15 - -3). Let d = 4669 + r. Is d composite?
False
Let f be ((-8)/4 + 1)/(1/94664). Let o = -64490 - f. Suppose -8*i - 10838 = -o. Is i composite?
False
Is ((-12333736)/304)/(1/(-2)) prime?
False
Let c(k) = 168*k**2 - 27*k - 135. Let l be c(-25). Suppose -9*j - 3*j + l = 0. Is j prime?
False
Let m be 3 + 20/(-12) - (-5006)/3. Suppose 3*w - 5*y = m, 449 = w + y - 121. Let s = w - 296. Is s a prime number?
True
Suppose -u = -4*f, -3*u = 27*f - 24*f - 30. Is 3644*(102/4)/(u + -2) a prime number?
False
Suppose -6725154 = -43*q + 1707533. Is q prime?
False
Let g = -327 - -216. Let d = -113 - g. Let f(x) = -506*x - 19. Is f(d) composite?
True
Suppose 2*q = 3*s + 3946, 0 = -q - 4*q - 5*s + 9840. Suppose 0 = -8*r - q + 13146. Is r a prime number?
False
Let w(t) = -21 + 23*t - 44*t - 2*t**3 + 12*t + 7*t**2 + 90. Is w(-17) prime?
True
Let a(h) be the first derivative of -h**3/3 + 5*h**2/2 + 5*h + 6. Let i be a(0). Suppose 567 - 6832 = -i*v. Is v prime?
False
Suppose -3*c = 3*q - 128670, -2*c + 194*q - 193*q + 85771 = 0. Is c composite?
True
Let r(i) = 23*i**3 - 75*i**2 - 9*i - 14. Is r(35) composite?
True
Let x(j) = -12*j**3 - 5*j**2 - j + 5. Let u(b) = -2*b + 6. Let k be u(5). Let l be x(k). Suppose -4*n + 3*n + l = 0. Is n a composite number?
True
Suppose -152*y + 93*y = -6775371 - 8261900. Is y composite?
False
Suppose -4*p + 190735 = -s - 28840, 0 = 5*p + 2*s - 274459. Is p a prime number?
False
Let u be (-252)/45 - (-8)/(-20). Is (1003535/(-195))/(-1 - 4/u) composite?
False
Let h be ((-1 + -7)*-2)/(28/56). Let y = h - 38. Is (0 - 1502/y)/((-59)/(-177)) composite?
False
Suppose -2*k + q + 31 = 0, 3*k + q = -2*k + 67. Let z be 2 - (-7)/k*(3 - 1). Suppose 466 = z*b - 680. Is b prime?
False
Suppose -327*b + 325*b = -8. Let v(w) = 595*w**2 - 35*w + 141. Is v(b) composite?
False
Suppose 0 = -49*d - 263117 + 1163296. Is d prime?
True
Let y = -142 - -146. Suppose s - 613 = -y*d, 4*s + 2*d - 2452 = -2*d. Is s composite?
False
Is 77415245/53*1/5 a prime number?
True
Let q(o) be the third derivative of -97*o**4/8 - 25*o**3/6 + 100*o**2. Is q(-10) composite?
True
Let k = -77346 + 467689. Is k a composite number?
False
Let m(h) = 237*h + 105. Let i be m(-8). Let j = -1204 - i. Is j composite?
False
Let k = 73852 - 12083. Is k composite?
True
Suppose k + 3*j = 1575772, 10*j = -3*k + 9*j + 4727292. Is k a composite number?
True
Let m be 2 + -19 + -8 + 5. Let r be (6/4)/(3/(-20)). Is -3 - (r/m)/((-2)/68) composite?
True
Let c = 161 + -165. Is -6 - (-8033